 and d.
15
Let l be (-66)/8 - ((-25)/20)/1. Let q(u) = u**2 + 14*u + 81. Let i be q(l). Let x = -4 + 6. What is the highest common divisor of x and i?
2
Let h = -66908 + 66913. Suppose -3*w = 4*p - 0*p - 186, 4*p - 5*w = 170. Calculate the greatest common factor of p and h.
5
Let i = 105 - 95. Let g be (-7)/21 + (-3)/(-9). Suppose 0 = -4*j + 4*z + 32, j + 4*z - 2 + 9 = g. Calculate the highest common factor of j and i.
5
Let l = 12182 - 12154. Let d be (-2 + 4)*1 - -3. Suppose -2 = d*a - 22. Calculate the greatest common factor of a and l.
4
Let l(q) = 79*q**2 + 462*q + 113. Let h be l(-10). Calculate the greatest common factor of 936 and h.
117
Suppose -4*g - 1543 = -4*z - 9391, 2*g = 3*z + 3921. Calculate the greatest common divisor of 165 and g.
15
Let k = 5448 - 1105. Calculate the highest common divisor of k and 101.
101
Suppose 0 = -3*l + 5*n + 25, -1 = -2*l - 3*n + 3. Let b be 10/((-50)/(-15)) - 1. Let k be -56 + 60 - (-2)/b. Calculate the highest common divisor of k and l.
5
Suppose -42*j + 361 = 42*j - 1487. Calculate the greatest common divisor of 946 and j.
22
Suppose 5*t + 3*b - 35 = 4, 3*t = -2*b + 24. What is the greatest common factor of 27 and t?
3
Suppose -609 - 906 = -15*t. Let u = t + -109. Let n be 4*(-4)/(-3)*(-60)/u. What is the greatest common factor of 8 and n?
8
Let v(z) = -5*z**2 - 7*z - 6. Let o be v(6). Let i = o - -237. What is the highest common divisor of i and 33?
3
Suppose 368 = 5*l - 2*h, 23*l - 18*l - 369 = h. Suppose -268 + 1896 = 2*v. What is the highest common divisor of l and v?
74
Suppose -2*v - 7*n = -4*n + 104, 4*v = -3*n - 220. Let m be (v/(-4))/(8/176). What is the greatest common factor of m and 55?
11
Suppose 6*m - 58 = -40. Suppose 287 = 2*n - 4*s + s, 398 = m*n + 2*s. Calculate the greatest common divisor of n and 8.
8
Suppose -5 = 12*k - 29. Let v be (2/(-1))/(4 - 5). Let c be v - -1*(8 + 0). Calculate the highest common divisor of c and k.
2
Suppose d - 5*h = 486, -2*d - 2*h + 754 + 242 = 0. What is the greatest common factor of 1936 and d?
16
Suppose -a + 3*f = -790, 4*f = 4*a - 872 - 2328. What is the greatest common factor of a and 253?
23
Let m(o) = 11*o**3 + 2*o**2 + 2*o - 5. Let r be m(2). Suppose -5*y + 11*y = 684. Suppose 3*a - y = -3*a. Calculate the greatest common factor of r and a.
19
Let c(u) = u**3 + 37*u**2 + 22*u + 2209. Let x be c(-37). Calculate the greatest common factor of x and 372.
93
Suppose -26*i - 7591 = -2729. Let s = i + 194. What is the highest common divisor of 119 and s?
7
Suppose -2*s - n - 2*n + 21 = 0, -4*n + 20 = 0. Let i(t) = -14 + 5*t + 26 - 6*t**2 + 2*t**s - 9. Let o be i(3). What is the greatest common divisor of o and 4?
2
Suppose 2*c - 4366 = -4*v + 298, -4*v = -4*c + 9232. Calculate the greatest common factor of c and 12.
12
Suppose n + 28 = -2*w + 136, 19*n - 2*w = 1932. Calculate the greatest common divisor of 6562 and n.
34
Let k = 4834 - 4800. Calculate the greatest common divisor of 5 and k.
1
Suppose 71 = -3*r - 40. Let q = 39 + r. Suppose q*i = -4*y + 3*i + 394, 307 = 3*y + 5*i. What is the highest common factor of 11 and y?
11
Let y be (-1 - -54)/((-1)/(-3)). Suppose 70*q = 31*q - 51*q + 270. What is the greatest common divisor of q and y?
3
Let j be (-3)/((-6)/4) + 233. Let z(q) = -5*q**2 + 43*q + 7. Let c be z(-3). Let g = j + c. What is the highest common divisor of g and 34?
34
Let f(i) = 2*i**2 + 21*i - 26. Let x be f(-12). Let w be 22/3*x/(-15)*-9. What is the greatest common factor of w and 396?
44
Let d(u) = -15*u**3 + 123*u**2 - 3*u - 33. Let n be d(8). What is the greatest common factor of 2265 and n?
15
Let s = -206 + 226. Suppose -68 = -0*u - 4*u. Let t = s - u. What is the highest common factor of 27 and t?
3
Suppose -2*g + 3*g = -s + 147, 2*s = 3*g - 446. Calculate the greatest common factor of 703 and g.
37
Suppose -6*u - 12 = 0, 4*q + u - 279 + 105 = 0. Let n(r) = -5*r + 6. Let g be n(-12). What is the greatest common divisor of q and g?
22
Let z(l) = -15*l - 4. Let a be z(-11). Let g be (-1)/4 - 200/(-32). Let j be (46 - (-1 + 1))/(-4 + g). Calculate the highest common divisor of a and j.
23
Suppose 2*i - 190 = -s, -3*i = 3*s - 265 - 305. What is the highest common factor of 8170 and s?
190
Suppose 5*l - 12 = -2*g + 2*l, -g + 3*l = 3. Suppose r + 3*h + 3 = 3*r, g*h = -r + 15. What is the highest common factor of 6 and r?
6
Suppose -4*y + 4*z - z = -4587, y = 4*z + 1150. Suppose 9*q - 3*d - 702 = 6*q, y = 5*q + d. Calculate the greatest common factor of q and 10.
10
Let p = -35 - -40. Suppose 4*d = 2*h + 66, -h + 22 = p*d - 57. Suppose -3*i + 5*f = -d, i - f - 7 = -1. What is the highest common factor of i and 63?
7
Let g(f) = f**3 + 35*f**2 + 18*f + 504. Let o be g(-32). Calculate the highest common divisor of o and 480.
120
Let y(q) = -q**3 + 5*q**2 + 3*q + 16. Let k be y(6). Let b be 138/4 - k/(-24)*-6. Let t = -4 - -11. Calculate the greatest common divisor of t and b.
7
Let m(d) = -79*d**2 - 16*d + 3. Let y(p) = 118*p**2 + 25*p - 5. Let r(u) = -8*m(u) - 5*y(u). Let l be r(-1). What is the highest common factor of 72 and l?
8
Let p = -930 + 1694. Suppose 9*d + 8 = p. What is the greatest common factor of d and 12?
12
Let r be (126/15)/7 + 4 + 16716/20. What is the greatest common divisor of 87 and r?
29
Let a = -5115 - -7134. Calculate the highest common factor of 3 and a.
3
Suppose -74 = -h + 5*p, -2*p = -5*h - 252 + 645. Calculate the highest common factor of h and 3713.
79
Let k = -12 - -32. Let d(v) = v**2 - 48*v + 100. Let l be d(46). Calculate the greatest common factor of l and k.
4
Let q(n) = 925*n - 4295. Let w be q(11). Calculate the greatest common factor of w and 24.
24
Let m be 23660/25 + 65/25. Calculate the greatest common divisor of m and 299.
13
Let g be (32/((-1280)/180))/(2/(-268)). Calculate the highest common divisor of g and 3819.
201
Suppose 75*d = 23460 + 96915. What is the highest common factor of d and 45?
15
Suppose 4*i - 354 = -r, 32*r - 28*r - 448 = -5*i. What is the highest common factor of i and 517?
11
Let n(r) = 2*r - 2. Let u be n(1). Let o be -1 + u + 0 + 17. Calculate the highest common factor of 48 and o.
16
Let d(b) = -b + 10. Let k be d(-8). Suppose -3 - k = -7*p. Suppose 0 = p*q + 2*q - 1430. Calculate the highest common divisor of q and 26.
26
Let t = 0 - -165. Suppose 0 = 5*f - 3*r - 262, 2*f - 3*r = -110 + 240. Calculate the greatest common divisor of t and f.
11
Suppose -5*h + 3*h + 1 = -3*o, 2*h + 2 = 0. Let a be o*(-8)/3*(-144)/(-64). Let r be (a + -10)/((-2)/60). Calculate the greatest common factor of 15 and r.
15
Let r(j) = -j**3 + 2*j**2 + 6*j - 9. Let m be r(2). Suppose -1 = 4*b - 21, -m*f = -4*b - 28. What is the greatest common factor of 14 and f?
2
Let k be 3*(7 - 68/(-6)). Suppose -2*t + k + 25 = 0. Suppose 56 = 5*s - 4*q, 0 - 16 = 4*q. What is the greatest common divisor of t and s?
8
Let d = 282 - 101. Let u = -21 + d. Calculate the greatest common divisor of u and 48.
16
Let o(j) = 69*j**2 - 4*j - 5. Let z be o(-1). Let x = z - 55. Suppose 258 = 4*u - 3*a + 93, 2*u - 5*a = 93. What is the greatest common divisor of x and u?
13
Suppose -4105 = -4*l + 15*p - 16*p, -5*p = l - 1050. Calculate the greatest common factor of l and 4715.
205
Let n = 394 + -389. Suppose 0 = -5*h + 3*m + 13, -3*h + n*m - 5 = -0. What is the highest common factor of 55 and h?
5
Let k(y) = 128*y**2 + 282*y - 4133. Let m be k(16). What is the greatest common factor of m and 87?
87
Let j(d) = -2*d**2 - 14*d - 18. Let y be j(-7). Let c be 5 + (-12)/y*6. What is the greatest common divisor of 117 and c?
9
Let k(q) = q + 13. Let v be k(-13). Suppose -4*o = 2*h - 368, v = -h + 4*o - 19 + 203. Calculate the greatest common divisor of 23 and h.
23
Suppose 0 = 2*i - 2*m - 74, 5*i = -5*m + 3*m + 164. Let q(z) = -16*z - 40. Let a be q(-11). What is the greatest common factor of i and a?
34
Let v(b) = 48*b + 3147. Let g be v(-65). Let u(r) = 14*r**3 - 4*r**2 + 3*r - 2. Let p be u(2). Let s = p - 64. What is the highest common factor of s and g?
9
Suppose 2*t - m - 100 = 0, 10*t - 9*t - 72 = -5*m. Calculate the greatest common divisor of 3211 and t.
13
Let t(d) = -d**3 + 16*d**2 - 11*d + 81. Let n be t(17). Let k be 1/(-6 + n/(-65)). Calculate the greatest common divisor of 351 and k.
13
Let v(p) = p. Let 